{"id":28,"date":"2014-08-17T11:12:17","date_gmt":"2014-08-17T09:12:17","guid":{"rendered":"http:\/\/www.markus-krenn.at\/wordpress\/?page_id=28"},"modified":"2020-01-24T17:29:15","modified_gmt":"2020-01-24T15:29:15","slug":"ueber-mich","status":"publish","type":"page","link":"https:\/\/www.markus-krenn.at\/wordpress\/ueber-mich\/","title":{"rendered":"\u00dcber mich"},"content":{"rendered":"<p>Willkommen auf meiner Homepage!<\/p>\n<p>Kurz etwas Info zu meiner Person: urspr\u00fcnglich komme ich aus Julbach im sch\u00f6nen M\u00fchlviertel.<br \/>\nNach der Schulzeit habe ich eine Lehre als Elektroinstallateur in Linz begonnen und abgeschlossen. Nach gut 15 Jahren in der Stadt und etwas in der Weltgeschichte,&nbsp; bin ich wieder zur\u00fcck im M\u00fchlviertel.<br \/>\nVon Ulrichsberg aus gehe ich immer wieder auf Bilder-Jagd \ud83d\ude09<\/p>\n<p>Mit dem Virus der Fotografie habe ich mich 2000 bei einem l\u00e4ngeren Auslandsaufenthalt angesteckt. Angefangen hat alles mit einer Spiegelreflex von Minolta, damals nat\u00fcrlich noch alles analog. In das digitale Zeitalter bin ich mit einer Sony a 100 eingestiegen, welche mir \u00fcber Jahre gute Dienste erwiesen hat. Und schlussendlich erfolgte im Dez. 2013 der Umstieg auf Vollformat mittels einer CANON EOS 6D und passenden Objektiven.<\/p>\n<p>&nbsp;<\/p>\n<p>Nachdem das gute alte Fotoalbum nicht mehr das g\u00e4ngige Medium ist seine Bilder zu teilen, m\u00f6chte ich dies auf dieser Website versuchen. Ich hoffe, euch gef\u00e4llt so manches meiner Bilder und freue mich nat\u00fcrlich auch \u00fcber jedes Feedback\u2026.<\/p>\n<p>So, genug \u00fcber mich, viel Spa\u00df beim&nbsp;St\u00f6bern!<\/p>\n<p>MfG<\/p>\n<p>Markus<\/p>\n<p><a href=\"http:\/\/www.markus-krenn.at\/wordpress\/wp-content\/uploads\/2014\/09\/its-me.jpg\"><img fetchpriority=\"high\" decoding=\"async\" class=\"wp-image-514 size-medium aligncenter\" src=\"http:\/\/www.markus-krenn.at\/wordpress\/wp-content\/uploads\/2014\/09\/its-me-300x256.jpg\" alt=\"\" width=\"300\" height=\"256\" srcset=\"https:\/\/www.markus-krenn.at\/wordpress\/wp-content\/uploads\/2014\/09\/its-me-300x256.jpg 300w, https:\/\/www.markus-krenn.at\/wordpress\/wp-content\/uploads\/2014\/09\/its-me.jpg 1000w\" sizes=\"(max-width: 300px) 100vw, 300px\" \/><\/a><\/p>\n<p>&nbsp;<\/p>\n<p>Die Rechte aller Bilder und Texte auf diesen Seiten unterliegen dem Seitenbetreiber Markus Krenn!<\/p>\n","protected":false},"excerpt":{"rendered":"<p>Willkommen auf meiner Homepage! Kurz etwas Info zu meiner Person: urspr\u00fcnglich komme ich aus Julbach im sch\u00f6nen M\u00fchlviertel. Nach der Schulzeit habe ich eine Lehre als Elektroinstallateur in Linz begonnen und abgeschlossen. Nach gut 15 Jahren in der Stadt und etwas in der Weltgeschichte,&nbsp; bin ich wieder zur\u00fcck im M\u00fchlviertel. Von Ulrichsberg aus gehe ich immer wieder auf Bilder-Jagd \ud83d\ude09 Mit dem Virus der Fotografie habe ich mich 2000 bei einem l\u00e4ngeren Auslandsaufenthalt angesteckt. Angefangen hat alles mit einer Spiegelreflex von Minolta, damals nat\u00fcrlich noch alles analog. In das digitale Zeitalter bin ich mit einer Sony a 100 eingestiegen, welche&hellip;<\/p>\n<p> <a class=\"more-link\" href=\"https:\/\/www.markus-krenn.at\/wordpress\/ueber-mich\/\">Weiterlesen<\/a><\/p>\n","protected":false},"author":1,"featured_media":3185,"parent":0,"menu_order":0,"comment_status":"closed","ping_status":"closed","template":"","meta":{"ngg_post_thumbnail":0,"footnotes":""},"class_list":["post-28","page","type-page","status-publish","has-post-thumbnail"],"_links":{"self":[{"href":"https:\/\/www.markus-krenn.at\/wordpress\/wp-json\/wp\/v2\/pages\/28","targetHints":{"allow":["GET"]}}],"collection":[{"href":"https:\/\/www.markus-krenn.at\/wordpress\/wp-json\/wp\/v2\/pages"}],"about":[{"href":"https:\/\/www.markus-krenn.at\/wordpress\/wp-json\/wp\/v2\/types\/page"}],"author":[{"embeddable":true,"href":"https:\/\/www.markus-krenn.at\/wordpress\/wp-json\/wp\/v2\/users\/1"}],"replies":[{"embeddable":true,"href":"https:\/\/www.markus-krenn.at\/wordpress\/wp-json\/wp\/v2\/comments?post=28"}],"version-history":[{"count":13,"href":"https:\/\/www.markus-krenn.at\/wordpress\/wp-json\/wp\/v2\/pages\/28\/revisions"}],"predecessor-version":[{"id":6667,"href":"https:\/\/www.markus-krenn.at\/wordpress\/wp-json\/wp\/v2\/pages\/28\/revisions\/6667"}],"wp:featuredmedia":[{"embeddable":true,"href":"https:\/\/www.markus-krenn.at\/wordpress\/wp-json\/wp\/v2\/media\/3185"}],"wp:attachment":[{"href":"https:\/\/www.markus-krenn.at\/wordpress\/wp-json\/wp\/v2\/media?parent=28"}],"curies":[{"name":"wp","href":"https:\/\/api.w.org\/{rel}","templated":true}]}}

Über mich

<p>Willkommen auf meiner Homepage!</p>
<p>Kurz etwas Info zu meiner Person: ursprünglich komme ich aus Julbach im schönen Mühlviertel.<br />
Nach der Schulzeit habe ich eine Lehre als Elektroinstallateur in Linz begonnen und abgeschlossen. Nach gut 15 Jahren in der Stadt und etwas in der Weltgeschichte,&nbsp; bin ich wieder zurück im Mühlviertel.<br />
Von Ulrichsberg aus gehe ich immer wieder auf Bilder-Jagd 😉</p>
<p>Mit dem Virus der Fotografie habe ich mich 2000 bei einem längeren Auslandsaufenthalt angesteckt. Angefangen hat alles mit einer Spiegelreflex von Minolta, damals natürlich noch alles analog. In das digitale Zeitalter bin ich mit einer Sony a 100 eingestiegen, welche mir über Jahre gute Dienste erwiesen hat. Und schlussendlich erfolgte im Dez. 2013 der Umstieg auf Vollformat mittels einer CANON EOS 6D und passenden Objektiven.</p>
<p>&nbsp;</p>
<p>Nachdem das gute alte Fotoalbum nicht mehr das gängige Medium ist seine Bilder zu teilen, möchte ich dies auf dieser Website versuchen. Ich hoffe, euch gefällt so manches meiner Bilder und freue mich natürlich auch über jedes Feedback….</p>
<p>So, genug über mich, viel Spaß beim&nbsp;Stöbern!</p>
<p>MfG</p>
<p>Markus</p>
<p><a href="http://www.markus-krenn.at/wordpress/wp-content/uploads/2014/09/its-me.jpg"><img fetchpriority="high" decoding="async" class="wp-image-514 size-medium aligncenter" src="http://www.markus-krenn.at/wordpress/wp-content/uploads/2014/09/its-me-300x256.jpg" alt="" width="300" height="256" srcset="https://www.markus-krenn.at/wordpress/wp-content/uploads/2014/09/its-me-300x256.jpg 300w, https://www.markus-krenn.at/wordpress/wp-content/uploads/2014/09/its-me.jpg 1000w" sizes="(max-width: 300px) 100vw, 300px" /></a></p>
<p>&nbsp;</p>
<p>Die Rechte aller Bilder und Texte auf diesen Seiten unterliegen dem Seitenbetreiber Markus Krenn!</p>

<p>Willkommen auf meiner Homepage! Kurz etwas Info zu meiner Person: ursprünglich komme ich aus Julbach im schönen Mühlviertel. Nach der Schulzeit habe ich eine Lehre als Elektroinstallateur in Linz begonnen und abgeschlossen. Nach gut 15 Jahren in der Stadt und etwas in der Weltgeschichte,&nbsp; bin ich wieder zurück im Mühlviertel. Von Ulrichsberg aus gehe ich immer wieder auf Bilder-Jagd 😉 Mit dem Virus der Fotografie habe ich mich 2000 bei einem längeren Auslandsaufenthalt angesteckt. Angefangen hat alles mit einer Spiegelreflex von Minolta, damals natürlich noch alles analog. In das digitale Zeitalter bin ich mit einer Sony a 100 eingestiegen, welche&hellip;</p>
<p> <a class="more-link" href="https://www.markus-krenn.at/wordpress/ueber-mich/">Weiterlesen</a></p>
